{"id":636,"date":"2022-12-26T23:17:51","date_gmt":"2022-12-26T22:17:51","guid":{"rendered":"https:\/\/www.fabiodagostino.it\/?post_type=portfolio&#038;p=636"},"modified":"2022-12-26T23:17:51","modified_gmt":"2022-12-26T22:17:51","slug":"mr-berni","status":"publish","type":"portfolio","link":"https:\/\/www.fabiodagostino.it\/portfolio\/mr-berni\/","title":{"rendered":"Mr Berni"},"content":{"rendered":"<p>Thank you very much Mr Berni&#8230;<\/p>\n<p>Habilis<\/p>\n<p>Cos\u2019\u00e8 la disabilit\u00e0?<\/p>\n<p>Definizione: 1. Mancanza o assenza di abilit\u00e0. 2. La condizione di handicappato<\/p>\n<p>&nbsp;<\/p>\n<p>Non mi torna. Chi decide quale sia una abilit\u00e0? Mi vengono in mente atleti \u201cdisabili\u201d che corrono molto pi\u00f9 veloce del 70% della popolazione (\u201csana\u201d) mondiale. Record sportivi e picchi artistici e culturali. Beethoven ha composto, da sordo. Einstein era dislessico, svogliato a scuola e parlava lentamente. Provo a pensare a come la \u201cdisabilit\u00e0\u201d si sia evoluta. Le attuali sfilze di sigle, diagnosi, condanne. Siamo tutti malati, dobbiamo solo aspettare che trovino un nome alla nostra specifica patologia.<\/p>\n<p>La natura si autoregolamenta. Vivono gli elementi che permettono la sopravvivenza della specie. Mi torna alla mente quel cavallo africano che migliaia di anni fa era nato col collo pi\u00f9 lungo dei suoi simili. Quando per la siccit\u00e0 i cavalli non riuscivano pi\u00f9 a mangiare perch\u00e8 erano finiti i rami a portata di muso, quel cavallo dal collo lungo continu\u00f2 ad allungarlo. La giraffa \u00e8 l\u2019evoluzione di quel che oggi avremmo chiamato \u201ccavallo handicappato\u201d.<\/p>\n<p>E se la \u201cdisabilit\u00e0\u201d fosse solo un invenzione? Forse dovremmo cercare \u201cl\u2019abilita\u201d. Ognuno dovrebbe cercare la sua unicit\u00e0, la sua peculiare capacit\u00e0. Millenni di evoluzione e di progressi in tutti gli ambiti del conosciuto ci hanno portato a poter diagnosticare \u201cdisabilit\u00e0\u201d mentali, fisiche, comportamentali, emotive. Ma abbiamo perso di vista il genio, il senso, lo scopo di questo vivere. La \u201cdisabilit\u00e0\u201d sta nell\u2019aver dimenticato che siamo unici, irripetibili e perfetti cos\u00ec, che quel fiore di loto \u00e8 dentro di noi e non fuori.<\/p>\n<p>&nbsp;<\/p>\n<p>Habilis o Inhabilis?<\/p>\n<p>Normali o incapaci?<\/p>\n","protected":false},"excerpt":{"rendered":"<p>Thank you very much Mr Berni&#8230; Habilis Cos\u2019\u00e8 la disabilit\u00e0? Definizione: 1. Mancanza o assenza di abilit\u00e0. 2. La condizione di handicappato &nbsp; Non mi torna. Chi decide quale sia una abilit\u00e0? Mi vengono in mente atleti \u201cdisabili\u201d che corrono &hellip; <a href=\"https:\/\/www.fabiodagostino.it\/portfolio\/mr-berni\/\">Continued<\/a><\/p>\n","protected":false},"author":1,"featured_media":651,"menu_order":16,"comment_status":"closed","ping_status":"closed","template":"","meta":[],"portfolio-type":[7],"_links":{"self":[{"href":"https:\/\/www.fabiodagostino.it\/wp-json\/wp\/v2\/portfolio\/636"}],"collection":[{"href":"https:\/\/www.fabiodagostino.it\/wp-json\/wp\/v2\/portfolio"}],"about":[{"href":"https:\/\/www.fabiodagostino.it\/wp-json\/wp\/v2\/types\/portfolio"}],"author":[{"embeddable":true,"href":"https:\/\/www.fabiodagostino.it\/wp-json\/wp\/v2\/users\/1"}],"replies":[{"embeddable":true,"href":"https:\/\/www.fabiodagostino.it\/wp-json\/wp\/v2\/comments?post=636"}],"wp:featuredmedia":[{"embeddable":true,"href":"https:\/\/www.fabiodagostino.it\/wp-json\/wp\/v2\/media\/651"}],"wp:attachment":[{"href":"https:\/\/www.fabiodagostino.it\/wp-json\/wp\/v2\/media?parent=636"}],"wp:term":[{"taxonomy":"portfolio-type","embeddable":true,"href":"https:\/\/www.fabiodagostino.it\/wp-json\/wp\/v2\/portfolio-type?post=636"}],"curies":[{"name":"wp","href":"https:\/\/api.w.org\/{rel}","templated":true}]}}

<p>Thank you very much Mr Berni&#8230;</p>
<p>Habilis</p>
<p>Cos’è la disabilità?</p>
<p>Definizione: 1. Mancanza o assenza di abilità. 2. La condizione di handicappato</p>
<p>&nbsp;</p>
<p>Non mi torna. Chi decide quale sia una abilità? Mi vengono in mente atleti “disabili” che corrono molto più veloce del 70% della popolazione (“sana”) mondiale. Record sportivi e picchi artistici e culturali. Beethoven ha composto, da sordo. Einstein era dislessico, svogliato a scuola e parlava lentamente. Provo a pensare a come la “disabilità” si sia evoluta. Le attuali sfilze di sigle, diagnosi, condanne. Siamo tutti malati, dobbiamo solo aspettare che trovino un nome alla nostra specifica patologia.</p>
<p>La natura si autoregolamenta. Vivono gli elementi che permettono la sopravvivenza della specie. Mi torna alla mente quel cavallo africano che migliaia di anni fa era nato col collo più lungo dei suoi simili. Quando per la siccità i cavalli non riuscivano più a mangiare perchè erano finiti i rami a portata di muso, quel cavallo dal collo lungo continuò ad allungarlo. La giraffa è l’evoluzione di quel che oggi avremmo chiamato “cavallo handicappato”.</p>
<p>E se la “disabilità” fosse solo un invenzione? Forse dovremmo cercare “l’abilita”. Ognuno dovrebbe cercare la sua unicità, la sua peculiare capacità. Millenni di evoluzione e di progressi in tutti gli ambiti del conosciuto ci hanno portato a poter diagnosticare “disabilità” mentali, fisiche, comportamentali, emotive. Ma abbiamo perso di vista il genio, il senso, lo scopo di questo vivere. La “disabilità” sta nell’aver dimenticato che siamo unici, irripetibili e perfetti così, che quel fiore di loto è dentro di noi e non fuori.</p>
<p>&nbsp;</p>
<p>Habilis o Inhabilis?</p>
<p>Normali o incapaci?</p>

<p>Thank you very much Mr Berni&#8230; Habilis Cos’è la disabilità? Definizione: 1. Mancanza o assenza di abilità. 2. La condizione di handicappato &nbsp; Non mi torna. Chi decide quale sia una abilità? Mi vengono in mente atleti “disabili” che corrono &hellip; <a href="https://www.fabiodagostino.it/portfolio/mr-berni/">Continued</a></p>
